{"id":31,"date":"2015-11-04T19:06:28","date_gmt":"2015-11-04T18:06:28","guid":{"rendered":"http:\/\/www.terredepromesse.com\/site\/?post_type=product&#038;p=31"},"modified":"2025-11-28T17:28:29","modified_gmt":"2025-11-28T16:28:29","slug":"le-mythe-de-la-crau","status":"publish","type":"product","link":"http:\/\/www.terredepromesse.com\/site\/produit\/le-mythe-de-la-crau\/","title":{"rendered":"LE MYTHE DE LA CRAU. ARCH\u00c9OLOGIE D&rsquo;UNE PENS\u00c9E RELIGIEUSE CELTE"},"content":{"rendered":"<p>Par Val\u00e9ry Raydon<\/p>\n<p>Pr\u00e9face Marco V. Garc\u00eda Quintela<\/p>\n<p>Le plus ancien mythe conserv\u00e9 sur le territoire de la Provence concerne la formation de la plaine de la Crau. C\u2019est le tragique grec Eschyle qui nous en a transmis la plus vieille version au second quart du Ve si\u00e8cle avant notre \u00e8re, dans un passage de sa pi\u00e8ce du Prom\u00e9th\u00e9e d\u00e9livr\u00e9. Il y racontait que la cr\u00e9ation de la plaine de la Crau s\u2019\u00e9tait produite \u00e0 la suite d\u2019une pluie de pierres d\u00e9vers\u00e9e par le dieu de l\u2019orage Zeus pour sauver son h\u00e9ros de fils H\u00e9rakl\u00e8s attaqu\u00e9 par les g\u00e9ants Ligures alors qu\u2019il se rendait en Espagne pour conqu\u00e9rir les b\u0153ufs de G\u00e9ryon. L\u2019identit\u00e9 hell\u00e9nique des protagonistes et l\u2019incorporation de ce r\u00e9cit \u00e9tiologique au sein de l\u2019\u0153uvre du grand dramaturge ath\u00e9nien ont cr\u00e9dit\u00e9 jusqu\u2019ici le r\u00e9cit d\u2019\u00eatre un pur produit de la culture grecque \u00e9g\u00e9enne.<\/p>\n<p>L\u2019auteur entreprend ici une remise en cause de cette appr\u00e9ciation. D\u2019une part, le mythe met en jeu une connaissance pr\u00e9cise de la zone g\u00e9ographique bas-rhodanienne et se d\u00e9veloppe \u00e0 partir d\u2019un toponyme local non hell\u00e9nique, ce qui suppose qu\u2019il a vu le jour non pas en Gr\u00e8ce mais dans un milieu grec occidental, voir simplement hell\u00e9nis\u00e9, qui pouvait \u00eatre inform\u00e9 des realia g\u00e9ologiques et toponymiques de la Celtique m\u00e9ridionale. D\u2019autre part, les conceptions qui structurent ce mythe restent sans parall\u00e8le dans la mythologie grecque mais trouvent d\u2019exacts pendants dans les litt\u00e9ratures celtiques insulaires m\u00e9di\u00e9vales et dans des textes hagiographiques sur deux saints de la Gaule m\u00e9rovingienne. La l\u00e9gende de fondation de la Crau pourrait donc s\u2019av\u00e9rer \u00eatre dans la forme o\u00f9 elle nous a \u00e9t\u00e9 transmise l\u2019interpretatio graeca d\u2019un mythe gaulois de la p\u00e9riode de La T\u00e8ne ancienne.<\/p>\n<p>Usant d\u2019une approche structurale et comparative dum\u00e9zilienne, l\u2019auteur se livre \u00e0 l\u2019arch\u00e9ologie de ce qui constitue le plus ancien fragment de pens\u00e9e religieuse celtique qui nous ait \u00e9t\u00e9 conserv\u00e9, exhumant et expliquant les vestiges d\u2019une th\u00e9ologie v\u00e9ritablement panceltique codifi\u00e9e de tr\u00e8s longue date ayant trait \u00e0 la fameuse croyance du \u2018ciel qui tombe sur la t\u00eate\u2019 partag\u00e9e par les Celtes continentaux d\u2019Illyrie, du Danube et des Gaules, ainsi que par ceux insulaires d\u2019Irlande et du Pays-de-Galles.<\/p>\n<p>Identifiant avec certitude l\u2019H\u00e9rakl\u00e8s de la Crau \u00e0 Ogmios, une divinit\u00e9 majeure du panth\u00e9on gaulois, l\u2019auteur poursuit cette passionnante enqu\u00eate en brossant un portrait de ce dieu qui d\u00e9montre la stabilit\u00e9 de sa codification de la Gaule \u00e0 l\u2019Irlande, et qui confirme sa structuration autour du prototype indo-europ\u00e9en du dieu de la souverainet\u00e9 magico-guerri\u00e8re. Il invite en outre \u00e0 une relecture du cycle des aventures d&rsquo;H\u00e9rakl\u00e8s en Gaule en tant que possibles \u00e9pisodes d&rsquo;une mythologie ogmienne hell\u00e9nis\u00e9e.<\/p>\n<p>Une d\u00e9couverte majeure pour l\u2019\u00e9tude de la religion gauloise et un \u00e9poustouflant voyage au c\u0153ur des croyances celtiques.<\/p>\n<p>&nbsp;<\/p>\n<p><em>Val\u00e9ry Raydon est n\u00e9 \u00e0 N\u00eemes en 1973. Il est docteur en histoire ancienne, chercheur ind\u00e9pendant et \u00e9crivain. Il est l\u2019auteur de plusieurs livres de contes illustr\u00e9s, d\u2019articles scientifiques et d\u2019essais consacr\u00e9s \u00e0 la mythologie compar\u00e9e interceltique et indo-europ\u00e9enne. <\/em><\/p>\n<p>&nbsp;<\/p>\n<p>REVUE DE PRESSE<\/p>\n<p>\u00ab Voici un livre que nous n\u2019h\u00e9sitons pas \u00e0 qualifier de d\u00e9sormais indispensable \u00e0 tous ceux qui s\u2019int\u00e9ressent \u00e0 la compr\u00e9hension de la mythologie des Celtes (\u2026) le meilleur dossier actuel sur le dieu Ogmios dans les diff\u00e9rents panth\u00e9ons celtes (\u2026) \u00bb<br>\nOLLODAGOS (Claude Sterckx, Universit\u00e9 Libre de Bruxelles)<\/p>\n<p>\u00ab (..) Val\u00e9ry Raydon signe une d\u00e9monstration dont les implications exc\u00e8dent le cas particulier de la plaine pierreuse proven\u00e7ale pour \u00e9branler l&rsquo;ensemble des \u00e9tudes religieuses celtiques. \u00bb<br>\nRELIGIONS ET HISTOIRE (Virginie L\u00e9rot)<\/p>\n<p>\u00ab Dans cet essai, l\u2019auteur fait \u0153uvre d&rsquo;un v\u00e9ritable travail comparatiste permettant de d\u00e9gager, comme le sous-titre de son ouvrage l&rsquo;indique, une v\u00e9ritable pens\u00e9e religieuse celtique (\u2026) La d\u00e9monstration est \u00e9clatante et nous sommes parfaitement d&rsquo;accord avec elle. \u00bb<br>\nNOUVELLE MYTHOLOGIE COMPAR\u00c9E (Guillaume Ouader)<\/p>\n<p>\u00ab Le mythe de la Crau is a nicely produced study, agreeable to read, but also well indexed and abundantly supplied with scholarly references. \u00bb<br>\nJOURNAL OF INDO-EUROPEANS STUDIES (Nick J. Allen, Universit\u00e9 d\u2019Oxford)<\/p>\n<p>\u00ab L\u2019un des mythes fondateurs des traditions proven\u00e7ales, analys\u00e9 gr\u00e2ce \u00e0 un \u00e9clairage nouveau fond\u00e9 sur l\u2019arch\u00e9ologie et le comparatisme, permet de comprendre ce qui avait jusque-l\u00e0 \u00e9chapp\u00e9 \u00e0 des g\u00e9n\u00e9rations de chercheurs (\u2026) Convions nos lecteurs \u00e0 d\u00e9couvrir ce remarquable travail r\u00e9alis\u00e9 par Val\u00e9ry Raydon. \u00bb<br>\nKELTIA (Fabien R\u00e9gnier)<\/p>\n<p>\u00ab Parmi les analyses les plus convaincantes, je citerai l\u2019argumentation qui relie l\u2019identification entre H\u00e9rakl\u00e8s et Ogmios (\u2026) L\u2019analyse d\u2019Ogmios-Oghma comme dieu de premi\u00e8re fonction, de type varunien, para\u00eet aussi assez convaincante. \u00bb<br>\n\u00c9TUDES CELTIQUES (Pierre-Yves Lambert, EPHE, IVe section)<\/p>\n<p>\u00ab Val\u00e9ry Raydon, en vrai sp\u00e9cialiste des anciennes mythologies, compare les mythes avec prudence et n&rsquo;affirme qu&rsquo;apr\u00e8s avoir trouv\u00e9 des correspondances r\u00e9p\u00e9t\u00e9es. \u00bb<br>\nAGENCE BRETAGNE PRESSE (Christian Rogel)<\/p>\n<p>\u00ab Le livre est riche est brillant, et les disciples de Dontenville ne peuvent qu\u2019appr\u00e9cier ce beau travail de mythologie gauloise (\u2026) je n\u2019avais jamais lu jusqu\u2019ici une analyse aussi claire et aussi pr\u00e9cise d\u2019Ogmios\/Oghma. \u00bb<br>\nBULLETIN DE LA SOCI\u00c9T\u00c9 DE MYTHOLOGIE FRAN\u00c7AISE (Bernard Robreau)<\/p>\n\n\n<p><\/p>\n\n\n\n<p><\/p>\n","protected":false},"excerpt":{"rendered":"<p>D\u00e9p\u00f4t l\u00e9gal : juillet 2025, seconde \u00e9dition (mai 2013 pour la 1\u00e8re \u00e9dition)<br \/>\nISBN : 978-2-9541625-0-8<br \/>\n14,8x21cm &#8211; 186 pages<br \/>\nPrix : 20 \u20ac<\/p>\n","protected":false},"featured_media":698,"comment_status":"open","ping_status":"closed","template":"","meta":[],"product_brand":[],"product_cat":[7],"product_tag":[29,30,26,22,21,10,16,18,15,20,19,24,23,17,14,9],"class_list":{"0":"post-31","1":"product","2":"type-product","3":"status-publish","4":"has-post-thumbnail","6":"product_cat-livres","7":"product_tag-dumezil","8":"product_tag-hagiographie-et-mythologie","9":"product_tag-herakles","10":"product_tag-legendes","11":"product_tag-lug","12":"product_tag-mythe-de-la-crau","13":"product_tag-mythologie-celtique","14":"product_tag-mythologie-comparee-indo-europeenne","15":"product_tag-mythologie-gauloise","16":"product_tag-oghma","17":"product_tag-ogmios","18":"product_tag-plaine-de-la-crau","19":"product_tag-provence","20":"product_tag-religion-celtique","21":"product_tag-religion-gauloise","22":"product_tag-valery-raydon","24":"first","25":"instock","26":"shipping-taxable","27":"purchasable","28":"product-type-simple"},"_links":{"self":[{"href":"http:\/\/www.terredepromesse.com\/site\/wp-json\/wp\/v2\/product\/31","targetHints":{"allow":["GET"]}}],"collection":[{"href":"http:\/\/www.terredepromesse.com\/site\/wp-json\/wp\/v2\/product"}],"about":[{"href":"http:\/\/www.terredepromesse.com\/site\/wp-json\/wp\/v2\/types\/product"}],"replies":[{"embeddable":true,"href":"http:\/\/www.terredepromesse.com\/site\/wp-json\/wp\/v2\/comments?post=31"}],"wp:featuredmedia":[{"embeddable":true,"href":"http:\/\/www.terredepromesse.com\/site\/wp-json\/wp\/v2\/media\/698"}],"wp:attachment":[{"href":"http:\/\/www.terredepromesse.com\/site\/wp-json\/wp\/v2\/media?parent=31"}],"wp:term":[{"taxonomy":"product_brand","embeddable":true,"href":"http:\/\/www.terredepromesse.com\/site\/wp-json\/wp\/v2\/product_brand?post=31"},{"taxonomy":"product_cat","embeddable":true,"href":"http:\/\/www.terredepromesse.com\/site\/wp-json\/wp\/v2\/product_cat?post=31"},{"taxonomy":"product_tag","embeddable":true,"href":"http:\/\/www.terredepromesse.com\/site\/wp-json\/wp\/v2\/product_tag?post=31"}],"curies":[{"name":"wp","href":"https:\/\/api.w.org\/{rel}","templated":true}]}}